rime factors of t?
2, 3, 13
Let x = 125 + -61. List the prime factors of x.
2
Suppose 2*l = j - 9 - 10, 3*j - 4*l = 51. What are the prime factors of j?
13
Let g = 6 + 7. Let l = -11 + 7. Let n = g - l. What are the prime factors of n?
17
Suppose -3*u = v + 2*u - 7, -2*u = -v + 14. Suppose h = 2*h - v. What are the prime factors of h?
2, 3
Suppose -n = n - 6. List the prime factors of n.
3
Let n(d) = d**3 + 9*d**2 + 7*d - 8. Let r be n(-8). Suppose r*z = -z + 4. Suppose 0 = 2*q + z*t - 15 + 3, q + 5*t - 3 = 0. What are the prime factors of q?
2
Let l(b) = -b**3 + b**2 - 2*b + 2. Let t be l(2). Let d(c) = c + 8. Let f be d(t). Suppose -5*p = f*h - 35, 2*p - 3*h - 5 = -2*p. List the prime factors of p.
5
Let y(k) = k + 5. Let z be (2*-2)/(-2) + -2. Let b be y(z). Suppose 0 = b*q - 2*q - 42. List the prime factors of q.
2, 7
Suppose 2*w + 1 = n - 5, -4*w = 3*n + 2. Let x(m) = 3*m**2 + m - 1. What are the prime factors of x(n)?
13
Suppose -5*x + 3 - 38 = 0. What are the prime factors of x/35 + 81/5?
2
Let w = 2 - -28. Suppose 0 = 3*q + 4*z - 45, -2*q = z - 4*z - w. Let s = 27 - q. List the prime factors of s.
2, 3
Let x(k) = k**3 - k**2 - k + 1. Let s be x(1). Suppose 4*p - 3 - 33 = s. List the prime factors of p.
3
Suppose 0 = -3*c + c + 22. List the prime factors of c.
11
Let q = -150 + 55. Let t = q - -137. What are the prime factors of t?
2, 3, 7
Let j(z) = -z**3 + 26*z**2 - 36*z + 52. What are the prime factors of j(24)?
2, 5, 17
Let k = -4 + 8. Suppose -k*u = 3*d + u + 23, -2*d - 4*u - 16 = 0. What are the prime factors of 6/(-4)*8/d?
2
Let h = 7 - 4. Suppose 8 = 4*w - 16. Suppose 0 = -h*p + w, 2*x + 4*p - 2 = 5*x. What are the prime factors of x?
2
Let x(t) be the third derivative of 7*t**5/15 + 6*t**2. List the prime factors of x(-1).
2, 7
Suppose -11 = 4*t - 35. Suppose 5*b = t*b - 2. List the prime factors of b.
2
Suppose 0 = -2*g - 2*p - 2 + 8, 2*g - p = 3. Suppose 1 = -g*k + 11. List the prime factors of k.
5
Suppose 5*m + 38 = -82. Let k = -38 - m. Let l = k - -25. List the prime factors of l.
11
Suppose -85 = -5*z - 3*h, 5*z + h + 3*h - 80 = 0. What are the prime factors of z?
2, 5
Let q(s) = -2*s - 17*s + 0*s**2 + 7 - s**2 + 6*s. List the prime factors of q(-13).
7
Let h(i) = i - 11. Let a be h(9). Let b = a + 6. List the prime factors of b.
2
Let i(y) = -y**2 + 12*y - 10. Let u be i(9). Let m = -10 + u. List the prime factors of m.
7
Let c = -11 + 17. List the prime factors of c.
2, 3
Let b be (-21)/(-2)*(-6)/(-9). Let c = -4 + b. What are the prime factors of c?
3
Let v = -98 - -145. Let w = v + 12. What are the prime factors of w?
59
Let z(w) = 1 - 3 + 1. Let a(u) = u. Let v(d) = -a(d) - z(d). List the prime factors of v(-7).
2
Let d(b) = -5*b**3 - 5*b**2 - 5*b + 1. Let n(g) = g**3 + g**2 + g. Let v(m) = 2*d(m) + 9*n(m). List the prime factors of v(-2).
2
Let c = -68 - -156. Suppose 0 = -2*r + 4*r + 2*d - 40, -5*r - d = -c. List the prime factors of r.
17
Suppose 0 = 5*r + 4*k - 27 - 25, 3*r = -4*k + 28. List the prime factors of (-6)/(-8)*r*1.
3
List the prime factors of (22 + 0)*(-9)/(-6).
3, 11
Suppose 7*r = 3*r - 408. What are the prime factors of (2/3)/((-4)/r)?
17
Let j(s) = -4*s - 2*s + 4*s**2 - 3*s**2 + 4. Let v be j(6). Suppose -v*f = 20, 3*f + 31 + 20 = 3*k. What are the prime factors of k?
2, 3
Suppose -n = -2*n + 1. Let q be ((-2)/3)/(n/(-30)). Suppose 0 = v + v - q. What are the prime factors of v?
2, 5
Let j be 4*1/(-2)*-2. Suppose 11 + 25 = j*d. What are the prime factors of d?
3
Suppose 3*n + i = 1, 2*n - 3*n + 3*i - 3 = 0. Suppose 0 = -q - q - 4, 0 = f + q - 6. Let o = f - n. What are the prime factors of o?
2
Suppose -m + 120 = 4*l, 5*m - 146 = -4*l - 26. List the prime factors of l.
2, 3, 5
Suppose -8*z + z + 140 = 0. List the prime factors of z.
2, 5
Let i be 8/(-20) - 2/(-5). Suppose -2*s + 4*s + 3*a - 17 = i, 4*s = -3*a + 49. What are the prime factors of s?
2
Let w(j) = -j**3 + 4*j**2 + 7*j - 5. Let x be (-1 + -4)/(0 - 1). Let n be w(x). Suppose 2*i = n - 1. What are the prime factors of i?
2
Suppose y - 5*y = -2*s + 78, 2*s - y = 69. What are the prime factors of s?
3, 11
Suppose 5*i - 32 = 3*t + 69, -i - t + 17 = 0. What are the prime factors of i?
19
Suppose -2*l - 62 = -0*l. Let b = -19 - l. Suppose -2*q + 2*u + b = 0, -3*u - 22 = -q - 3*q. What are the prime factors of q?
2
Let b(r) = r**2 - 11. What are the prime factors of b(4)?
5
Let u(r) = r**3 + 3*r**2 - r + 1. Let a be u(-3). Suppose -a*l + 31 = 3*t, 5*l + t - 18 = 7. What are the prime factors of l?
2
Let s(o) = -o**3 + 6*o**2 + 2*o - 1. Suppose 0 = 4*i - 15 - 9. What are the prime factors of s(i)?
11
Let t(f) = f**3 - 6*f**2 + 2*f - 2. Let x be t(6). Let r = x - -4. What are the prime factors of r?
2, 7
List the prime factors of (16/4)/((-2)/(-14)).
2, 7
Suppose -5*d - k - 83 = -d, -4*d + 4*k = 108. Let a = -10 - d. What are the prime factors of a/8 - (-42)/4?
2, 3
Let k(y) = -y**3 + 9*y**2 + 2*y - 1. What are the prime factors of k(8)?
79
Suppose 6*o + 0*o = -12. Let a(z) = -4*z**3 - 2*z**2 + 2*z + 4. What are the prime factors of a(o)?
2, 3
Let k(h) = -h**2 + 20*h + 28. List the prime factors of k(12).
2, 31
Let i = -74 + 47. Let u be 1/(3*(-1)/i). List the prime factors of 4 + 3/(u/(-6)).
2
Let n(u) = -u**3 + u**2 + u - 9. Let q be n(0). Let x = 15 - q. Suppose 3*s = 2*k - x, 2*k = -3*k - 5*s + 10. What are the prime factors of k?
2, 3
Suppose 4*l + 18 = 2*l + 2*f, 4 = 4*l + 4*f. Let i(k) = k**2 + k + 3. What are the prime factors of i(l)?
3, 5
Let i(c) = 6*c**3 + 1. Suppose -2*v = 2*a + 2 - 8, -5 = -v - 2*a. List the prime factors of i(v).
7
Let l be 2/7 + 766/14. Suppose 2*o - l - 27 = 0. What are the prime factors of o?
41
Suppose 288 = 5*u + 3*p, 5*u - p - 317 + 33 = 0. What are the prime factors of u?
3, 19
Suppose -3*a = -7*a + 120. Suppose s = -0*s + 21. Let c = a - s. List the prime factors of c.
3
Let u = 55 + -13. Suppose 3*i - 67 = -4*l, -4*i + l = -u - 41. List the prime factors of i.
3, 7
Suppose 4*r - 2*c - 3 = 25, -3*r + 5*c + 35 = 0. Suppose 120 = i + r*i. List the prime factors of i.
2, 5
Let i be (-9)/12 + 6/8. Suppose 0 = -5*f - 5*t, i*f + t = -3*f + 6. Suppose f*s + 4*h + 8 - 24 = 0, -s - 2*h = -6. List the prime factors of s.
2
Let c = 6 + 7. Let b = 22 - c. List the prime factors of b.
3
Let q(f) = -f**2 + 6*f + 3. Let l = 8 + -4. List the prime factors of q(l).
11
Suppose -3*m + 199 = 5*r, 5*r + 0*m - 2*m = 184. Let d be (-7)/(-3) + (-1)/3. Suppose -d*g = 4*w - r, -5*g + 6 = -4*w + 51. List the prime factors of w.
2, 5
Suppose -3 = -3*u - 0. Let s be u + (-3)/((-3)/14). Suppose 0 = -q + 2*n + 2*n + s, 4*q = 2*n + 46. What are the prime factors of q?
11
Suppose -104 - 172 = -6*u. What are the prime factors of u?
2, 23
Let q(t) = -1 + t**3 + 0*t - t + 8 + 7*t**2. Suppose -2*m - 4*y + 19 = -7*m, 3*m + 2*y + 29 = 0. What are the prime factors of q(m)?
2, 7
Let r(d) = -2*d**2 - 6*d + 3. Let p be r(-3). Let u = 1 - 0. Suppose u = z - p. What are the prime factors of z?
2
Suppose -5*a - 4*l = -208, 2*a - 47 = a + l. List the prime factors of a.
2, 11
Let n = 174 + -103. What are the prime factors of n?
71
What are the prime factors of (12/18)/(8/6)*48?
2, 3
Let k = 60 + -35. List the prime factors of k.
5
Let k(f) be the first derivative of -f**4/4 - 3*f**3 + 11*f**2/2 + 13*f + 6. Suppose -16 = 2*y + 4. What are the prime factors of k(y)?
3
Let t(x) = 2*x**2 + x - 3. Let z be (-2)/((-8)/6)*-4. Let w(s) = s**2 + 7*s + 3. Let y be w(z). List the prime factors of t(y).
2, 3
Let p = -4 - -1. Let q = 4 - p. What are the prime factors of q?
7
Let u = -1 + 1. Suppose -i + 1 = 3. Let n = u - i. List the prime factors of n.
2
Let o(s) = -s**3 - s**2 - s + 16. Let q(m) = m**3 + 3*m**2 - m - 3. Let t be q(-3). List the prime factors of o(t).
2
Let r be (-2)/(-3) - 51/9. Let a(t) = 5*t - 4. Let w(c) = 6*c - 4. Let m(b) = -5*a(b) + 4*w(b). List the prime factors of m(r).
3
Let d(y) = y**2 - 5*y + 8. What are the prime factors of d(-6)?
2, 37
Let l = -8 + 7. Let f be l + 2*(4 - 2). Suppose -26 = -5*a - 3*c, f*a - 2*a = -2*c + 1. List the prime factors of a.
7
Let t = 172 + 47. What are the prime factors of t?
3, 73
Let c(q) = -4*q - 7. Let x be c(-6). Let b = x - 12. Suppose 3*y + 0*y - 15 = -b*r, 2*y = -5*r + 10. List the prime facto